the tens digit of d?
3
Suppose -5*j + 1953 = -j + x, -3*x - 973 = -2*j. What is the tens digit of j?
8
Let j(n) = -n**2 + 13*n + 11. Let o be j(10). Suppose -5*d = -3*r - 22 - 4, 2*r + 2*d + 28 = 0. Let z = r + o. What is the units digit of z?
9
Let r(a) be the first derivative of 9*a**2/2 - 24*a - 9. What is the tens digit of r(9)?
5
Let h(b) = b + 10. Suppose 6 = -24*t + 23*t. Let k be h(t). Suppose 102 = -2*s + k*s. What is the tens digit of s?
5
Let p(y) be the second derivative of -8*y**3/3 - 7*y**2/2 + 9*y. Let k be p(2). What is the units digit of 6/1*k/(-6)?
9
Let n be (-10)/4*18356/(-65). Let k be n/(-10) - (-2)/(-5). Let j = -43 - k. What is the tens digit of j?
2
Let t = 124 + 2211. What is the hundreds digit of t?
3
Let m = 340 + 54. Suppose -4*w + 3*g + m = w, 4*w - 3*g = 317. What is the units digit of w?
7
Suppose -2*v + 4*v = 5*y - 22, -y = -5*v - 9. What is the units digit of (v/2)/(24/(-1104))?
3
Let d be (0 - 12)*(-10)/20. Suppose -d*y = -7*y + 40. What is the units digit of y?
0
Suppose z + 5*z - 24 = 0. Suppose -k = 5, z*w = -5*k + k + 280. What is the tens digit of w?
7
Suppose 0 = -7*g + 249 + 465. Let h = g - 40. What is the tens digit of h?
6
Suppose 2*g = 2*i + g - 4, -3*i + 9 = -3*g. Let b(c) = -13*c**2 + 1. Let y be b(1). What is the units digit of (-5)/(i - y/(-10))?
5
Let n be 2/((-5)/(238 + -3)). Let f = 182 + n. What is the tens digit of f?
8
Suppose -6*l - 36 = -10*l. Suppose -c = 4*o - 0*o - 3, 3*c - l = 2*o. Suppose -c*p - 4*q - 43 = -140, 0 = -4*p - 3*q + 134. What is the tens digit of p?
3
Let o(d) = d**2 + 3*d + 1. Let r be 2 - 1 - (3 + 2). Let l be o(r). Suppose 5*j + 5*s = 50, 4*j + 4*s = 5*j - l. What is the units digit of j?
9
Let a be (12/28)/((-1)/(-7)). Suppose -a*i - 4*s = -2*i - 4, 3*s - 8 = -2*i. Suppose p = i*p - 18. What is the units digit of p?
6
Suppose 0 = 5*u + 3*u - 4424. Suppose 0 = -2*a + 3*w + 224, -u = -5*a - 0*w + 4*w. What is the hundreds digit of a?
1
Let d be (-54)/126 - ((-17)/7 - 0). What is the units digit of ((4/(-6))/d)/(14/(-756))?
8
Let z(r) = -24*r**3 - 4*r**2 + 6*r + 31. What is the tens digit of z(-3)?
2
Suppose m + 15 = 6*m. Suppose 2*w = -r + 2, m*r - 12 = -5*w - 5. Suppose r*d - 92 = 4*f, 28 = 2*d + 3*f - 28. What is the tens digit of d?
2
Let f = 23 + -21. Suppose -5 = -f*p + 23. Suppose 5*l + 25 = 0, 4*h + 2*l = 5*h - p. What is the units digit of h?
4
Suppose -3*z = 3*q - 8931, -3*q = -3*z + 4279 + 4658. What is the thousands digit of z?
2
Let h(g) = g**2 + 39*g - 282. What is the tens digit of h(19)?
2
Suppose -12*r + 6*r = -330. Suppose 8*o + r = 151. What is the tens digit of o?
1
Suppose -o = -3 - 0. Suppose -8 - 151 = -o*y. What is the tens digit of y?
5
Suppose -3*g + 2 = -w + 3, g - 4 = -4*w. Let u be (-2*(w - 6))/2. Suppose 5*x - 20 = -u*l, -3*l = -0*l + 5*x - 2. What is the units digit of l?
9
Suppose 5*x + 2*u = 2160, -x + 405 = -4*u - u. What is the tens digit of x?
3
What is the thousands digit of 2/(-6) + 179375/123?
1
Let s(c) = 5*c**2 + 2*c - 1. Let f be s(1). Let x(a) = 8*a**2 - 4 + 2 - 9*a + 9 - a**3. What is the tens digit of x(f)?
2
Suppose -5*n + 29 = 2*m, n + 32 = 6*n + m. Suppose 6 = -2*p, 5*p + 266 - n = 4*g. Let r = -27 + g. What is the tens digit of r?
3
Let k(n) be the third derivative of -n**6/120 + 7*n**5/30 - 3*n**4/4 + 5*n**3/3 - 13*n**2. What is the hundreds digit of k(8)?
2
Let w = 1925 + -1118. Suppose -w = -4*s + 97. What is the units digit of s?
6
Let q be (0 - 30)*30/25. What is the tens digit of (3*136/q)/(1/(-6))?
6
Let s(b) be the first derivative of -b**4/4 + 5*b**3/3 + 3*b**2 + 3. Let m be s(6). Suppose m*t - 7 = -t. What is the units digit of t?
7
Let w = 29 + -32. Let t(n) = -41*n. What is the tens digit of t(w)?
2
Let c = -127 + 67. Let m = 68 + c. What is the units digit of m?
8
Let k(f) = -f**2 + 21. Let g be k(0). Suppose -3*u + g = 3. What is the units digit of (-1*u)/((-9)/60)?
0
Let z(m) = 4*m + 2. Let s be z(-2). What is the tens digit of -5 - s - 50/(-1)?
5
Suppose 13*k = 10*k + 12. Let m = k + 77. What is the units digit of m?
1
Let q be (-3 + 1)/((-16)/(-48)). Let z be (-2)/(q - (4 - 8)). Suppose -2*y + y = z, -132 = -4*v - 4*y. What is the units digit of v?
4
Suppose -2*k - 2*k = -20, 85 = s + k. Let p = 18 - 18. Suppose -4*b + 4 + s = p. What is the tens digit of b?
2
What is the hundreds digit of ((-28)/(-21))/(4/3909)?
3
Suppose 6*d - 3*d + 2747 = 4*u, d = -1. What is the hundreds digit of u?
6
Suppose l - 404 = -m, 3*m - 2*l - 401 = 2*m. Suppose -5*w - 4*z + m = -0*w, w - 3*z = 73. What is the units digit of w?
9
What is the hundreds digit of (-1 + 1797 + -2)*(-12)/(-18)?
1
Suppose -5*y = -2*f - 18538, -193*y + 3686 = -192*y + 5*f. What is the units digit of y?
6
Let q(j) = 8 - 4*j - 8*j - 4 + 9*j. Let d(c) = -2*c**2 + 2*c + 2. Let w be d(-2). What is the tens digit of q(w)?
3
Suppose 0*s + 2*s = 48. Let u = 26 - s. Suppose 4*a - 118 = -2*n, u*a + 2*n - 47 = 5*n. What is the units digit of a?
8
Let a = -15 + 31. Let d = a + -7. What is the units digit of d?
9
Let c(k) = k**3 + 9*k**2 + 7*k + 9. Let g be c(-10). Let m = 268 + g. What is the units digit of m?
7
Suppose 0 = -5*k - 3*g + 857, 2*g - 684 = -4*k - 0*k. Suppose k = 4*x - 259. What is the units digit of x?
7
Suppose -40 = -2*q - 5*v, -2*q - 4*v + 38 = -0*q. Let r be 3/9 + ((-76)/12 - -1). Let h = r + q. What is the units digit of h?
0
Let l(x) = 11*x + 4. Let s be l(5). Let y = -1 + 1. Suppose -4*a + 3*k + 143 = y, 2*a + 3*k = 2*k + s. What is the units digit of a?
2
Let h(y) = -y + 1. Let x(o) = -50*o + 35. Let t(p) = 3*h(p) - x(p). What is the units digit of t(4)?
6
Let b = 7 + -9. What is the units digit of (-20)/(-20)*107*(-1 - b)?
7
Let v(k) = -k**2 - 5*k + 6. Let z be v(-6). Let o(s) = 0*s**3 + s**3 - 4*s**2 + 3*s + z + 0 + 3. What is the units digit of o(3)?
3
Let i(l) = -762*l + 106. What is the units digit of i(-5)?
6
Let o(l) = 3*l - 19*l**2 - l**3 - 5*l + 4 + 11*l**2. Let u be o(-8). Let d = -14 + u. What is the units digit of d?
6
Let w = 2272 + 1818. What is the tens digit of w?
9
Let z be (-1)/4 - (-427)/28. Suppose -2*q + z = 3*q. What is the tens digit of q + 18*(-2)/(-4)?
1
Let j = -2900 - -4877. What is the hundreds digit of j?
9
What is the hundreds digit of (33/9)/((33/441)/11)?
5
Let q = 294 + -245. Let x be 1/((-5)/2)*-85. Let r = q - x. What is the units digit of r?
5
Suppose i = -4*i + 115. Suppose -8*s + 3*s + 25 = 0. Suppose -s*q + i = -127. What is the tens digit of q?
3
Suppose -12 = -3*p, -2*n = 3*n - p - 136. Let y = -13 + n. Suppose 3*t + 2*t = 0, -t = 5*s - y. What is the units digit of s?
3
Let v(k) = -58*k**2 + k. Let w be v(-1). Let c = w - -199. What is the units digit of c?
0
Suppose 0 = -5*t + 905 + 785. What is the units digit of t?
8
Suppose 0 = v - 13*d + 17*d - 583, -2*v + 3*d + 1221 = 0. What is the tens digit of v?
0
Let z = 165 - 116. Let d = 134 - z. What is the tens digit of d?
8
Let g be (3 - 6) + 1 - (0 + -2). Suppose 2*w + 3*q - 211 - 33 = g, 392 = 3*w - 2*q. What is the hundreds digit of w?
1
Let w(x) be the third derivative of -x**6/120 + x**5/20 + x**4/6 + x**3/2 - 2*x**2. Let d be w(4). What is the units digit of d*(2 + (-6)/9)?
4
Let v(c) = 6*c - 8*c - 5*c + 2*c**2 - 3 + 0. Let z be v(-5). What is the units digit of (-7)/14*-1*z?
1
Suppose -6*l + 131 = 29. Suppose -2*p - 7 - 5 = 0. Let r = l + p. What is the tens digit of r?
1
Suppose 8*u = 3*u - 30. What is the units digit of (-16)/u*135/18?
0
Suppose -3*s + 5*c = 55, -s + 0*c = -c + 21. Let d = s - -28. What is the units digit of d?
3
Let l = -3582 + 6515. What is the thousands digit of l?
2
Suppose -f = 2*s - 6, -s - 1 + 15 = -5*f. Suppose 5*d = -s*n - 306, 2*n + 36 = -5*d - 112. What is the tens digit of (-10)/(-40) + n/(-4)?
2
Let k = 737 - 103. Suppose -3*o + 80 + k = 0. What is the hundreds digit of o?
2
Let x = 15 - 9. Suppose -2*y - 12 = -x*y. Suppose y = -3*m + 4*m. What is the units digit of m?
3
Let a = 65 + -63. What is the units digit of 6*(-1)/(-2) + a + 5?
0
Suppose 0 = -u - 4*u + 4*h + 68, 0 = -4*u - 2*h + 44. Let t be (-6)/4 + 54/u. Suppose -t*g + 18 = -15. What is the units digit of g?
1
Let u(a) = 0*a**3 - a - 1 - 19*a**3 - 4*a**2 + 11*a**3 + 3. What is the units digit of u(-3)?
5
Suppose 0 = 3*w - f - 138, 0 = -0*w + w -